{"id":287,"date":"2018-11-28T14:10:36","date_gmt":"2018-11-28T14:10:36","guid":{"rendered":"https:\/\/pragacup.cz\/leto\/shop\/"},"modified":"2020-04-29T18:35:43","modified_gmt":"2020-04-29T16:35:43","slug":"shop","status":"publish","type":"page","link":"https:\/\/pragacup.cz\/leto\/shop\/","title":{"rendered":"Obchod"},"content":{"rendered":"","protected":false},"excerpt":{"rendered":"","protected":false},"author":1,"featured_media":3835,"parent":0,"menu_order":0,"comment_status":"closed","ping_status":"closed","template":"","meta":{"site-sidebar-layout":"default","site-content-layout":"","ast-site-content-layout":"","site-content-style":"default","site-sidebar-style":"default","ast-global-header-display":"","ast-banner-title-visibility":"","ast-main-header-display":"","ast-hfb-above-header-display":"","ast-hfb-below-header-display":"","ast-hfb-mobile-header-display":"","site-post-title":"","ast-breadcrumbs-content":"","ast-featured-img":"","footer-sml-layout":"","theme-transparent-header-meta":"","adv-header-id-meta":"","stick-header-meta":"","header-above-stick-meta":"","header-main-stick-meta":"","header-below-stick-meta":"","astra-migrate-meta-layouts":"default","ast-page-background-enabled":"default","ast-page-background-meta":{"desktop":{"background-color":"var(--ast-global-color-4)","background-image":"","background-repeat":"repeat","background-position":"center center","background-size":"auto","background-attachment":"scroll","background-type":"","background-media":"","overlay-type":"","overlay-color":"","overlay-gradient":""},"tablet":{"background-color":"","background-image":"","background-repeat":"repeat","background-position":"center center","background-size":"auto","background-attachment":"scroll","background-type":"","background-media":"","overlay-type":"","overlay-color":"","overlay-gradient":""},"mobile":{"background-color":"","background-image":"","background-repeat":"repeat","background-position":"center center","background-size":"auto","background-attachment":"scroll","background-type":"","background-media":"","overlay-type":"","overlay-color":"","overlay-gradient":""}},"ast-content-background-meta":{"desktop":{"background-color":"var(--ast-global-color-5)","background-image":"","background-repeat":"repeat","background-position":"center center","background-size":"auto","background-attachment":"scroll","background-type":"","background-media":"","overlay-type":"","overlay-color":"","overlay-gradient":""},"tablet":{"background-color":"var(--ast-global-color-5)","background-image":"","background-repeat":"repeat","background-position":"center center","background-size":"auto","background-attachment":"scroll","background-type":"","background-media":"","overlay-type":"","overlay-color":"","overlay-gradient":""},"mobile":{"background-color":"var(--ast-global-color-5)","background-image":"","background-repeat":"repeat","background-position":"center center","background-size":"auto","background-attachment":"scroll","background-type":"","background-media":"","overlay-type":"","overlay-color":"","overlay-gradient":""}},"footnotes":""},"yoast_head":"<!-- This site is optimized with the Yoast SEO plugin v22.5 - https:\/\/yoast.com\/wordpress\/plugins\/seo\/ -->\n<title>Obchod -<\/title>\n<meta name=\"description\" content=\"Nejprod\u00e1van\u011bj\u0161\u00ed tri\u010dko PragaCup, kter\u00e9 disponuje zlat\u00fdm logem a stylov\u00fdm designem. Tri\u010dko je z kvalitn\u00edho materi\u00e1lu (100% bavlna).\" \/>\n<meta name=\"robots\" content=\"index, follow, max-snippet:-1, max-image-preview:large, max-video-preview:-1\" \/>\n<link rel=\"canonical\" href=\"https:\/\/pragacup.cz\/leto\/shop\/\" \/>\n<meta property=\"og:locale\" content=\"cs_CZ\" \/>\n<meta property=\"og:type\" content=\"article\" \/>\n<meta property=\"og:title\" content=\"Obchod -\" \/>\n<meta property=\"og:description\" content=\"Nejprod\u00e1van\u011bj\u0161\u00ed tri\u010dko PragaCup, kter\u00e9 disponuje zlat\u00fdm logem a stylov\u00fdm designem. Tri\u010dko je z kvalitn\u00edho materi\u00e1lu (100% bavlna).\" \/>\n<meta property=\"og:url\" content=\"https:\/\/pragacup.cz\/leto\/shop\/\" \/>\n<meta property=\"article:modified_time\" content=\"2020-04-29T16:35:43+00:00\" \/>\n<meta property=\"og:image\" content=\"https:\/\/pragacup.cz\/leto\/wp-content\/uploads\/2020\/04\/triko_pragacup.jpg\" \/>\n\t<meta property=\"og:image:width\" content=\"1000\" \/>\n\t<meta property=\"og:image:height\" content=\"1050\" \/>\n\t<meta property=\"og:image:type\" content=\"image\/jpeg\" \/>\n<meta name=\"twitter:card\" content=\"summary_large_image\" \/>\n<script type=\"application\/ld+json\" class=\"yoast-schema-graph\">{\"@context\":\"https:\/\/schema.org\",\"@graph\":[{\"@type\":\"WebPage\",\"@id\":\"https:\/\/pragacup.cz\/leto\/shop\/\",\"url\":\"https:\/\/pragacup.cz\/leto\/shop\/\",\"name\":\"Obchod -\",\"isPartOf\":{\"@id\":\"https:\/\/pragacup.cz\/leto\/#website\"},\"primaryImageOfPage\":{\"@id\":\"https:\/\/pragacup.cz\/leto\/shop\/#primaryimage\"},\"image\":{\"@id\":\"https:\/\/pragacup.cz\/leto\/shop\/#primaryimage\"},\"thumbnailUrl\":\"https:\/\/pragacup.cz\/leto\/wp-content\/uploads\/2020\/04\/triko_pragacup.jpg\",\"datePublished\":\"2018-11-28T14:10:36+00:00\",\"dateModified\":\"2020-04-29T16:35:43+00:00\",\"description\":\"Nejprod\u00e1van\u011bj\u0161\u00ed tri\u010dko PragaCup, kter\u00e9 disponuje zlat\u00fdm logem a stylov\u00fdm designem. Tri\u010dko je z kvalitn\u00edho materi\u00e1lu (100% bavlna).\",\"breadcrumb\":{\"@id\":\"https:\/\/pragacup.cz\/leto\/shop\/#breadcrumb\"},\"inLanguage\":\"cs\",\"potentialAction\":[{\"@type\":\"ReadAction\",\"target\":[\"https:\/\/pragacup.cz\/leto\/shop\/\"]}]},{\"@type\":\"ImageObject\",\"inLanguage\":\"cs\",\"@id\":\"https:\/\/pragacup.cz\/leto\/shop\/#primaryimage\",\"url\":\"https:\/\/pragacup.cz\/leto\/wp-content\/uploads\/2020\/04\/triko_pragacup.jpg\",\"contentUrl\":\"https:\/\/pragacup.cz\/leto\/wp-content\/uploads\/2020\/04\/triko_pragacup.jpg\",\"width\":1000,\"height\":1050},{\"@type\":\"BreadcrumbList\",\"@id\":\"https:\/\/pragacup.cz\/leto\/shop\/#breadcrumb\",\"itemListElement\":[{\"@type\":\"ListItem\",\"position\":1,\"name\":\"Dom\u016f\",\"item\":\"https:\/\/pragacup.cz\/leto\/\"},{\"@type\":\"ListItem\",\"position\":2,\"name\":\"Obchod\"}]},{\"@type\":\"WebSite\",\"@id\":\"https:\/\/pragacup.cz\/leto\/#website\",\"url\":\"https:\/\/pragacup.cz\/leto\/\",\"name\":\"\",\"description\":\"Letn\u00ed fotbalov\u00fd turnaj\",\"potentialAction\":[{\"@type\":\"SearchAction\",\"target\":{\"@type\":\"EntryPoint\",\"urlTemplate\":\"https:\/\/pragacup.cz\/leto\/?s={search_term_string}\"},\"query-input\":\"required name=search_term_string\"}],\"inLanguage\":\"cs\"}]}<\/script>\n<!-- \/ Yoast SEO plugin. -->","yoast_head_json":{"title":"Obchod -","description":"Nejprod\u00e1van\u011bj\u0161\u00ed tri\u010dko PragaCup, kter\u00e9 disponuje zlat\u00fdm logem a stylov\u00fdm designem. Tri\u010dko je z kvalitn\u00edho materi\u00e1lu (100% bavlna).","robots":{"index":"index","follow":"follow","max-snippet":"max-snippet:-1","max-image-preview":"max-image-preview:large","max-video-preview":"max-video-preview:-1"},"canonical":"https:\/\/pragacup.cz\/leto\/shop\/","og_locale":"cs_CZ","og_type":"article","og_title":"Obchod -","og_description":"Nejprod\u00e1van\u011bj\u0161\u00ed tri\u010dko PragaCup, kter\u00e9 disponuje zlat\u00fdm logem a stylov\u00fdm designem. Tri\u010dko je z kvalitn\u00edho materi\u00e1lu (100% bavlna).","og_url":"https:\/\/pragacup.cz\/leto\/shop\/","article_modified_time":"2020-04-29T16:35:43+00:00","og_image":[{"width":1000,"height":1050,"url":"https:\/\/pragacup.cz\/leto\/wp-content\/uploads\/2020\/04\/triko_pragacup.jpg","type":"image\/jpeg"}],"twitter_card":"summary_large_image","schema":{"@context":"https:\/\/schema.org","@graph":[{"@type":"WebPage","@id":"https:\/\/pragacup.cz\/leto\/shop\/","url":"https:\/\/pragacup.cz\/leto\/shop\/","name":"Obchod -","isPartOf":{"@id":"https:\/\/pragacup.cz\/leto\/#website"},"primaryImageOfPage":{"@id":"https:\/\/pragacup.cz\/leto\/shop\/#primaryimage"},"image":{"@id":"https:\/\/pragacup.cz\/leto\/shop\/#primaryimage"},"thumbnailUrl":"https:\/\/pragacup.cz\/leto\/wp-content\/uploads\/2020\/04\/triko_pragacup.jpg","datePublished":"2018-11-28T14:10:36+00:00","dateModified":"2020-04-29T16:35:43+00:00","description":"Nejprod\u00e1van\u011bj\u0161\u00ed tri\u010dko PragaCup, kter\u00e9 disponuje zlat\u00fdm logem a stylov\u00fdm designem. Tri\u010dko je z kvalitn\u00edho materi\u00e1lu (100% bavlna).","breadcrumb":{"@id":"https:\/\/pragacup.cz\/leto\/shop\/#breadcrumb"},"inLanguage":"cs","potentialAction":[{"@type":"ReadAction","target":["https:\/\/pragacup.cz\/leto\/shop\/"]}]},{"@type":"ImageObject","inLanguage":"cs","@id":"https:\/\/pragacup.cz\/leto\/shop\/#primaryimage","url":"https:\/\/pragacup.cz\/leto\/wp-content\/uploads\/2020\/04\/triko_pragacup.jpg","contentUrl":"https:\/\/pragacup.cz\/leto\/wp-content\/uploads\/2020\/04\/triko_pragacup.jpg","width":1000,"height":1050},{"@type":"BreadcrumbList","@id":"https:\/\/pragacup.cz\/leto\/shop\/#breadcrumb","itemListElement":[{"@type":"ListItem","position":1,"name":"Dom\u016f","item":"https:\/\/pragacup.cz\/leto\/"},{"@type":"ListItem","position":2,"name":"Obchod"}]},{"@type":"WebSite","@id":"https:\/\/pragacup.cz\/leto\/#website","url":"https:\/\/pragacup.cz\/leto\/","name":"","description":"Letn\u00ed fotbalov\u00fd turnaj","potentialAction":[{"@type":"SearchAction","target":{"@type":"EntryPoint","urlTemplate":"https:\/\/pragacup.cz\/leto\/?s={search_term_string}"},"query-input":"required name=search_term_string"}],"inLanguage":"cs"}]}},"_links":{"self":[{"href":"https:\/\/pragacup.cz\/leto\/wp-json\/wp\/v2\/pages\/287"}],"collection":[{"href":"https:\/\/pragacup.cz\/leto\/wp-json\/wp\/v2\/pages"}],"about":[{"href":"https:\/\/pragacup.cz\/leto\/wp-json\/wp\/v2\/types\/page"}],"author":[{"embeddable":true,"href":"https:\/\/pragacup.cz\/leto\/wp-json\/wp\/v2\/users\/1"}],"replies":[{"embeddable":true,"href":"https:\/\/pragacup.cz\/leto\/wp-json\/wp\/v2\/comments?post=287"}],"version-history":[{"count":3,"href":"https:\/\/pragacup.cz\/leto\/wp-json\/wp\/v2\/pages\/287\/revisions"}],"predecessor-version":[{"id":4262,"href":"https:\/\/pragacup.cz\/leto\/wp-json\/wp\/v2\/pages\/287\/revisions\/4262"}],"wp:featuredmedia":[{"embeddable":true,"href":"https:\/\/pragacup.cz\/leto\/wp-json\/wp\/v2\/media\/3835"}],"wp:attachment":[{"href":"https:\/\/pragacup.cz\/leto\/wp-json\/wp\/v2\/media?parent=287"}],"curies":[{"name":"wp","href":"https:\/\/api.w.org\/{rel}","templated":true}]}}